2, what is 111110011 + -110111101?
110110
In base 13, what is -3725 + -4?
-3729
In base 8, what is 4661655 - -3?
4661660
In base 4, what is -11122 + -1331?
-13113
In base 12, what is -93210b + 3?
-932108
In base 9, what is -38670 + 0?
-38670
In base 3, what is -111010 - -10010?
-101000
In base 6, what is 12510 - 230?
12240
In base 5, what is 4 - -1043120?
1043124
In base 8, what is 215 + -610?
-373
In base 8, what is 11 - 2002113?
-2002102
In base 8, what is -354740 - -2?
-354736
In base 6, what is -32555 - 1250?
-34245
In base 14, what is 31 - -c77?
ca8
In base 4, what is 10 - -120130131?
120130201
In base 4, what is -1 - 10020000133?
-10020000200
In base 8, what is 2 - 210065?
-210063
In base 15, what is -46e3 - -4?
-46de
In base 8, what is 20 + -32623?
-32603
In base 2, what is 11110 + 1111001100011?
1111010000001
In base 9, what is 16340 + 5?
16345
In base 13, what is 22a84 - 1?
22a83
In base 11, what is 687 + 219?
8a5
In base 13, what is -5 + -72cc?
-7304
In base 2, what is 10000100 + 1010010?
11010110
In base 7, what is 354 + 35264?
35651
In base 5, what is 134 + -1101321?
-1101132
In base 4, what is -100 - -223031?
222331
In base 4, what is 1012123333 - -10?
1012130003
In base 13, what is 6803 + 5?
6808
In base 15, what is -230 + 8?
-227
In base 5, what is 32240 + 3?
32243
In base 14, what is 2 - -5794?
5796
In base 13, what is 60 - -137?
197
In base 14, what is 28926 - -4?
2892a
In base 13, what is 16ca + 30a?
1a07
In base 5, what is -124144 - -30?
-124114
In base 8, what is 11 - -23666?
23677
In base 16, what is 86d5 - 2?
86d3
In base 3, what is 11 - 1122102121?
-1122102110
In base 11, what is 6 - -18708?
18713
In base 7, what is 43450 + -10?
43440
In base 11, what is -3 + -38780?
-38783
In base 14, what is -62 + 58d3?
5871
In base 6, what is 322104330 + 4?
322104334
In base 6, what is -222 + 2105?
1443
In base 6, what is 1 + 1200454?
1200455
In base 16, what is -3931 + -19f?
-3ad0
In base 12, what is -18176 - -14?
-18162
In base 7, what is 2353 - 23?
2330
In base 6, what is 21513 - 250?
21223
In base 6, what is 550 - 4121?
-3131
In base 6, what is 1020231 + -2?
1020225
In base 4, what is 3021 + -110321?
-101300
In base 9, what is 42 + -563?
-521
In base 5, what is 202340 - 331?
202004
In base 13, what is 11 + 30c6?
3107
In base 12, what is -5 - -23379?
23374
In base 8, what is 111 + 2533?
2644
In base 7, what is -10122 - -5?
-10114
In base 2, what is -1100111100 - -1011100000010?
1001111000110
In base 14, what is 6 - 147a8?
-147a2
In base 5, what is -144 + 212400?
212201
In base 16, what is -1a40 + 73?
-19cd
In base 10, what is 2 + -17609?
-17607
In base 16, what is cddb7 - 4?
cddb3
In base 5, what is -322 - 12400?
-13222
In base 4, what is 2113231211 + -10?
2113231201
In base 4, what is 20232200 - 0?
20232200
In base 15, what is 12d1d - 2?
12d1b
In base 9, what is -60 + 5188?
5128
In base 5, what is 100222 - 1123?
44044
In base 16, what is -11 + 1f8c?
1f7b
In base 13, what is -49b + 2891?
23c3
In base 6, what is -2501511 + 5?
-2501502
In base 15, what is -be - -135?
66
In base 9, what is -8 - -30874?
30865
In base 7, what is -3 + -210216?
-210222
In base 13, what is 1 + -89345?
-89344
In base 7, what is -1015113 - -11?
-1015102
In base 8, what is -50 + -6316?
-6366
In base 16, what is -a8ef - -3?
-a8ec
In base 5, what is -14220 + 2314?
-11401
In base 14, what is 464 - -31?
495
In base 14, what is 14 - -4772?
4786
In base 16, what is 2a - 80d?
-7e3
In base 4, what is 130112 - -113?
130231
In base 2, what is 1100011100101 - 101?
1100011100000
In base 16, what is -1ba856 + 3?
-1ba853
In base 9, what is 4 + 631821?
631825
In base 15, what is 26 + -2aa?
-284
In base 12, what is -175170 + 5?
-175167
In base 9, what is 2202558 + -4?
2202554
In base 15, what is 1a + -e3e3?
-e3c8
In base 15, what is -138a - ae?
-1449
In base 8, what is 153032 - -16?
153050
In base 15, what is 1da + ba?
2a5
In base 7, what is 263100 + 3?
263103
In base 7, what is -261 - -21204?
20613
In base 3, what is 20 - -12222120?
12222210
In base 7, what is 1020 + -12341?
-11321
In base 14, what is -555a + -86?
-5602
In base 11, what is -10 + 3128?
3118
In base 5, what is 1 - 2303212?
-2303211
In base 6, what is 11332102 - 4?
11332054
In base 16, what is -16 + 1bcb?
1bb5
In base 2, what is 10011000100001 + -11?
10011000011110
In base 6, what is 3 - -15205003?
15205010
In base 5, what is 2 + 121202244?
121202301
In base 7, what is -622 + 1502?
550
In base 16, what is -1b + 28ab?
2890
In base 5, what is 10 - 1024004?
-1023444
In base 15, what is -1755d3 + -4?
-1755d7
In base 3, what is -10022211021 + 12?
-10022211002
In base 12, what is -2 - 16333?
-16335
In base 15, what is -5 + 1eb68?
1eb63
In base 6, what is 1124135 - -13?
1124152
In base 10, what is -24946 + 10?
-24936
In base 5, what is -11341 + -222?
-12113
In base 13, what is 1c + 274?
293
In base 13, what is 26396 + 0?
26396
In base 13, what is -3 + b612?
b60c
In base 13, what is 2983 - 0?
2983
In base 4, what is 2023 - -2233123?
2301212
In base 16, what is a + -13386?
-1337c
In base 13, what is -2 + -a9368?
-a936a
In base 5, what is -224033 + -13?
-224101
In base 5, what is -4 - 1242411?
-1242420
In base 6, what is -2 + -212031?
-212033
In base 14, what is 22 - -292?
2b4
In base 2, what is 11 + -11011100001100?
-11011100001001
In base 9, what is -3 - -180408?
180405
In base 11, what is 0 - 1848a?
-1848a
In base 11, what is -119 + -49?
-167
In base 3, what is -120220120 + 1?
-120220112
In base 6, what is -1023132 + 3?
-1023125
In base 11, what is 2049a + 14?
20503
In base 8, what is -23633 - -5?
-23626
In base 12, what is -2 + -469752?
-469754
In base 8, what is 111 - 42430?
-42317
In base 4, what is 3 + 22322332?
22323001
In base 12, what is -7 + -2234b?
-22356
In base 2, what is -11011100 - 110100100?
-1010000000
In base 6, what is -1 - -13243545?
13243544
In base 6, what is 54 - 1431145?
-1431051
In base 4, what is -3 - 133200332?
-133201001
In base 3, what is 102221 - 10021221?
-2212000
In base 9, what is -26207 - -27?
-26170
In base 8, what is -2 - 22732?
-22734
In base 6, what is -222252 - -254?
-221554
In base 15, what is -455031 - 1?
-455032
In base 9, what is 10 - 115126?
-115116
In base 15, what is 18 - -2ccbb?
2ccd4
In base 10, what is 2325 + -22?
2303
In base 9, what is 22 + 412647?
412670
In base 13, what is -9 + -8ab7?
-8ac3
In base 3, what is -12 - 100102221120?
-100102221202
In base 15, what is -1a - -6d0?
6b5
In base 15, what is 4 - -158?
15c
In base 14, what is -102d - -13?
-101a
In base 7, what is -1441 + 2425?
654
In base 12, what is 198691 - -1?
198692
In base 11, what is -1 - -2032?
2031
In base 8, what is 1027 - -63?
1112
In base 7, what is 450 + 645?
1425
In base 9, what is -1 - 5346?
-5347
In base 11, what is -2 + -3324a?
-33251
In base 9, what is -83 - 3407?
-3501
In base 3, what is 1222020 - -1200?
2000220
In base 2, what is -1101010 - 11101011001101?
-11101100110111
In base 12, what is 40a - -56?
464
In base 6, what is 0 - -240343?
240343
In base 10, what is 1 + -557709?
-557708
In base 16, what is -1 + -bd5?
-bd6
In base 16, what is -49 - 72?
-bb
In base 9, what is 26 - 3830?
-3803
In base 13, what is -1 + -4a2c8?
-4a2c9
In base 3, what is -202021210212 - -1?
-202021210211
In base 5, what is -3 + 1232031?
1232023
In base 13, what is 41 - -1926?
1967
In base 11, what is 8791 - 5?
8787
In base 8, what is 23 + 144?
167
In base 8, what is 520256 + 2?
520260
In base 10, what is 850181 - -3?
850184
In base 7, what is -62 - -261?
166
In base 7, what is -523 + -1652?
-2505
In base 9, what is -2247782 + -1?
-2247783
In base 7, what is -1 + 6555636?
6555635
In base 2, what is 11010010000010100011 + -10?
11010010000010100001
In base 16, what is da37 - -a?
da41
In base 2, what is 1 + -11011010000011110011?
-11011010000011110010
In base 4, what is -12200 + 3010?
-3130
In base 9, what is -136423 - 1?
-136424
In base 6, what is -12 - -55502?
55450
In base 14, what is -85c8 + 5?
-85c3
In base 8, what is 55253 - 3?
55250
In base 14, what is d - -96a8?
96b7
In base 14, what is 1468 - 17?
1451
In base 14, what is 53 + -982?
-92d
In base 13, what is 332 + 3?
335
In base 10, what is 677415 - -1?
677416
In base 16, what is -ec78 - 2?
-ec7a
In base 12, what is -6 + -2138?
-2142
In base 3, what is 1111122